ainder when 24 is divided by q.
2
Let q(l) = 4*l**3 + 2*l**2 - 3*l + 1. Suppose -4*b - 20 = -3*g, 14*g + 64 = 19*g + b. Calculate the remainder when q(2) is divided by g.
11
Let n(m) be the first derivative of 16*m**3/3 + 3*m**2/2 - 3*m + 12. Calculate the remainder when n(2) is divided by (-372)/(-16) - (-2)/(-8).
21
Suppose -5*t + 5*o + 60 = 0, 12*t + 3 = 14*t + 5*o. Calculate the remainder when t is divided by 4.
1
Suppose -15 = 5*h, 28 - 285 = -4*s + 3*h. Let q(m) = -9*m**3 - m**2 - m + 1. Let p be q(1). What is the remainder when s is divided by (2 - (-88)/p)/(10/(-25))?
11
Suppose 2*x + z - 37 = -12, 40 = 4*x + 4*z. Let l = 62 - 54. Suppose -l*s = -4*s - 348. Calculate the remainder when s is divided by x.
12
Let m(c) = -c**3 + 19*c**2 - 13*c + 45. Let a be m(18). Suppose 0*t = -4*g + 2*t + 180, -t + a = 3*g. Calculate the remainder when g is divided by 23.
22
Suppose 8*h = -4*l + 6*h + 824, -604 = -3*l + 2*h. Suppose -2*q + 3*z + 0*z = -179, 2*q + 2*z - l = 0. Calculate the remainder when q is divided by 25.
22
Let j(n) = 10*n - 1. Suppose 40 + 8 = 3*c. Suppose 0 = 14*v - c*v + 8. Calculate the remainder when j(1) is divided by v.
1
What is the remainder when 2841 is divided by ((-79)/6)/(45/(-540))?
155
Let s = -324 + 349. What is the remainder when 71 is divided by s?
21
Let d = 78 + -33. Calculate the remainder when 48 is divided by (54/d)/(6/100).
8
Let n = 45 - 63. Let w = 27 + n. Calculate the remainder when 17 is divided by w.
8
Let o = -5 + 9. Suppose 4 = q + 1, l = -o*q + 27. What is the remainder when l is divided by 9?
6
Let i(r) = 15*r + 109. Calculate the remainder when 168 is divided by i(-6).
16
Let k(d) = -2*d**3 - 12*d**2 + 9. Calculate the remainder when 827 is divided by k(-6).
8
Let w = 7699 + -7692. What is the remainder when w is divided by (-10)/(-3) + 1/(-3)?
1
Let q(k) be the first derivative of -20*k**2 - 5*k - 38. What is the remainder when q(-2) is divided by 20?
15
Suppose -15*t + 15434 + 14986 = 0. What is the remainder when t is divided by 70?
68
Suppose r + 4*n = 29, -2*n - 2*n + 47 = 3*r. Let c = r + -5. Suppose -78 + 18 = -3*q + 5*j, -c*q = j - 80. What is the remainder when 57 is divided by q?
17
Calculate the remainder when -12 - (-18)/(-9)*-62 is divided by 7.
0
Suppose -17*d - 102 = -595. What is the remainder when 57 is divided by d?
28
Suppose 2*b - q + 18 = 0, -3*b = 4*q - 0*q + 38. Let d = -23 - -39. Calculate the remainder when (-444)/b + 2/(-5) is divided by d.
12
Let z be 1/(-3) - (140/(-12))/5. Suppose g - 164 = -g - z*q, 396 = 5*g - 2*q. What is the remainder when g is divided by 27?
26
Calculate the remainder when 94 is divided by 2/17 - (63336/(-221))/12.
22
Suppose -4*d - 54 = -10*d. What is the remainder when (3/d - 1) + (-119)/(-3) is divided by 21?
18
Suppose -11*o + 403 = -92. What is the remainder when 58 is divided by o?
13
Let j(w) = -11*w - 22. Calculate the remainder when j(-4) is divided by (-51)/(-12) - (-1)/(-4).
2
Let q(i) = 2*i**2 + 2*i - 7. Suppose -6*g + 11 + 7 = 0. Suppose 2*u + 4*b = 4*u - 28, -g*u + 58 = 2*b. Calculate the remainder when q(-6) is divided by u.
17
Suppose -m - 5 = 45. Let y = 3 - m. Let h(x) = x**2 - 4*x + 6. Calculate the remainder when y is divided by h(6).
17
Suppose 4*o - 853 = 3*a, -5*o - 2*a + 1065 = -6*a. Calculate the remainder when o is divided by 51.
13
Let h = -11 + 24. What is the remainder when 93 is divided by 25 + -2 - (17 - h)?
17
What is the remainder when 236 is divided by ((-136)/(-102))/((4/18)/2)?
8
Let s(o) = 0*o - 4*o**2 + 6 + 5*o**2 - 9 - 2*o. Let r be s(3). Calculate the remainder when 25 is divided by (-1 + 8)*(1 + r).
4
Let j(i) = 6*i**2 + 9*i + 2. What is the remainder when 104 is divided by j(-3)?
17
Let l(z) = 3*z**2 + 2*z + 4. Let m be l(-3). Let v = 37 - m. Calculate the remainder when (-1824)/(-39) - (-21)/91 is divided by v.
11
Let u(s) = s**3 + 18*s**2 - 30*s + 12. Let z(o) = -o**3 - 17*o**2 + 29*o - 11. Let w(g) = 5*u(g) + 6*z(g). What is the remainder when 97 is divided by w(-14)?
47
Let v be 0 - ((-267)/3 + 5). Suppose -2*z + v = 2*z. Calculate the remainder when z is divided by 13.
8
Suppose -3*p = 12, 4*j - 23 = -3*p - 59. Let b = j - -12. Suppose 2*g - b = g. What is the remainder when 17 is divided by g?
5
Suppose -d = -38 + 33. Suppose -3*g + 282 = d*q, -g + 229 = 4*q - 2*g. Let w(b) = 2*b + 3. Calculate the remainder when q is divided by w(6).
12
Let d(g) = -g**3 + 2*g + 0*g**3 - 14 + 16*g**2 + 30. What is the remainder when d(16) is divided by 25?
23
Let t(k) = 4*k - 4*k + 8*k - k**2. Calculate the remainder when t(7) is divided by 3.
1
Let f be -4 - 4/(-8)*2. Let h be (-28)/(-21)*f/(-2). Calculate the remainder when 72 is divided by h + -46*1/(-2).
22
Suppose -33 = -3*f + 4*q, -3*f - 7 + 55 = q. Suppose -2*u + 18 + 26 = -4*p, p = 2*u - 29. What is the remainder when f is divided by u?
3
Let j(d) = -7*d**2 + 3*d + 1. Let z be j(9). What is the remainder when 45 is divided by z/(-33) - 1/3?
13
Let g be (-2)/(-3)*(7 + 5). Let t be (8 - g)*(-1)/3. Suppose -a = 5*j - 16, t*a - 4 = a - 5*j. Calculate the remainder when 21 is divided by a.
3
Let g = 207 + -179. Calculate the remainder when 274 is divided by g.
22
Let f be ((-9)/(-2) - 0)*204/3. Suppose -u + 3*r = 2*u - f, -540 = -5*u - r. What is the remainder when u is divided by 12?
11
Suppose 6 = 2*g, -2*y - 5*g - 10 = -69. What is the remainder when 40 is divided by y?
18
Calculate the remainder when 51 is divided by 1050/112 - (-6)/(-16).
6
Let w(d) = -d**3 + 12*d**2 + 13*d + 2. Let x be w(13). Suppose -l - 15 = 2*l, 3*v - 40 = x*l. What is the remainder when 88 is divided by v?
8
Suppose -5*i + 2*d = -1663, i - d - 279 = 53. Let r = -216 + i. Calculate the remainder when r is divided by 41.
35
Let j = -5 - -14. Let w = 13 - j. Calculate the remainder when 55 is divided by w.
3
Suppose -5*j - 3*t = -12 - 0, -18 = -5*j + 3*t. Suppose 4 = 3*v - 2. Let l = 3 - v. What is the remainder when j is divided by l?
0
Suppose -10*x = -14*x + 172. What is the remainder when x is divided by 11?
10
Suppose 0*m - 5*q - 65 = -3*m, -4*m - 3*q = -48. Suppose 2*c - m = -c. Let z(l) = l**2 - 7*l - 35. What is the remainder when z(11) is divided by c?
4
Suppose -5*r + 2*a - 6*a + 24 = 0, -11 = -2*r - 3*a. Suppose r*d + 5*f = 88, 0*f + 97 = 3*d - 4*f. What is the remainder when 100 is divided by d?
19
Suppose 2*j + 2 = 3*j. Suppose j = 3*d - m, -8 + 2 = -d + 3*m. Suppose d*v - 192 = -3*v. What is the remainder when v is divided by 22?
20
Let y = 110 + -98. Suppose 3*n = 110 + 64. What is the remainder when n is divided by y?
10
Let n(j) = -20*j - 148. Calculate the remainder when 31 is divided by n(-8).
7
Let u(b) = -16*b + 50. What is the remainder when 808 is divided by u(2)?
16
Suppose 2*y = w + 14, 5*y - 16 = 2*y - w. Let f = 14 - -1. Suppose 12*s = f*s - 51. What is the remainder when s is divided by y?
5
What is the remainder when 17*(1 - 0) + -3 is divided by 7 + ((-2)/14 - (-360)/168)?
5
Suppose -15*g + 172 = -158. Calculate the remainder when g is divided by 8.
6
Let m = -15 + 19. Suppose 0 = -m*h - 2*o + 216, 4*o - 222 = -4*h - o. What is the remainder when h is divided by 18?
17
Suppose -12 = -7*x + 4*x, -x = 3*a - 367. Calculate the remainder when a is divided by 1094/18 + (-20)/(-90).
60
Suppose -4*z + 84 = 2*l, 4*z - 20 = -l + 60. Let s = 40 + -27. What is the remainder when z is divided by s?
6
Let v(s) = -114*s - 13. What is the remainder when v(-1) is divided by (-2)/(-7) - 540/(-21)?
23
Suppose 0 = 4*j - s - 45, -4*s + 2 = -10. What is the remainder when 25 is divided by j?
1
Suppose -3*k + 6*t = 9*t - 15, -3*k = 5*t - 11. Calculate the remainder when 54 is divided by k.
5
Let z(r) = r**2 + 14*r + 30. Let t be z(-10). Calculate the remainder when 150/(-4)*8/(-6) is divided by 10 + (11/(-33) - t/3).
11
Let w be (-28)/(-7)*(-2)/4. What is the remainder when (-25)/w*(-1 - -3) is divided by 13?
12
Suppose -2*l - 3*l = -25. Suppose -2*h + l*v = 2*h - 22, 0 = h - 4*v - 11. Calculate the remainder when 55 is divided by -7*(-2)/h*3.
13
Let j(h) = 3*h - 2. Let z be j(2). Suppose 0 = -z*f + 261 + 23. Suppose -d = -2 - f. Calculate the remainder when d is divided by 19.
16
Let u be ((-1)/(-1))/((-7)/(-28)). Suppose -3 = -u*j + 1. Calculate the remainder when 39 is divid